 41*w - 18*w - 22*w - 2*w**2. What is n(l)?
-6
Let d(u) = -1 + u + 2 - u + u. Determine d(6).
7
Let v(a) = -2*a**3 - 7*a**2 - 4*a + 1. Let y(o) = 3*o**3 + 8*o**2 + 4*o - 2. Let b(c) = -4*v(c) - 3*y(c). Determine b(5).
-3
Suppose -3*v = -v + 22. Let o = -7 - v. Suppose 0 = o*y + 19 + 1. Let p(q) = 2*q + 5. What is p(y)?
-5
Let n(s) be the first derivative of -s**5/30 - 2*s**3/3 - 3. Let c(g) be the third derivative of n(g). Give c(-1).
4
Let w(s) = s**3 + 7*s**2 - 7*s + 6. Let z(y) = y**3 - y**2 + y - 1. Let i(c) = -w(c) + 2*z(c). Let k be (-105)/50*-4 - (-6)/(-15). Give i(k).
0
Suppose 5*h = -k + 23, 0*h + 4*k = 3*h. Suppose -y + h - 2 = 0. Let q(o) = -5*o + 1. Let z(b) = -b. Let n(m) = -q(m) + 2*z(m). What is n(y)?
5
Let y = 35 + -29. Let p(g) = -g**2 - 5*g - 2 + g**2 + g**2. What is p(y)?
4
Let v = 37 + -17. Let n(i) = 2*i + v - 20. Determine n(1).
2
Let y(a) = -2*a**3 + a**2 + a + 5. Let j(c) = -c**3 - c**2 - c + 1. Let s be -1 + 0 + 4/2. Let z(m) = s*y(m) - 3*j(m). Suppose -4*q - 40 = -28. Give z(q).
-1
Let j(p) = 0*p + 4 + 7*p**3 + 6*p**2 - 6*p - 6*p**3. What is j(-7)?
-3
Let i(f) = -3 - 7 + 3 - 2 + f. Calculate i(0).
-9
Suppose 0 = -2*d + 3 + 7. Suppose -4*r + 8 = 3*n, -d*r - 25 = -3*n - 2*n. Let i(a) = a**3 - 5*a**2 + 3*a. Give i(n).
-4
Let h(y) = 8*y + y**3 - 19*y - 5*y**2 - 1 + 13*y. Calculate h(5).
9
Let c(p) = p**3 - 4*p**2 - 7*p + 3. Let l = -72 - -77. Determine c(l).
-7
Let z(r) = -2*r + 11. Let p(x) = x - 5. Let u(y) = -5*p(y) - 2*z(y). Calculate u(6).
-3
Let j(o) = -5*o**2 + 14*o - 8. Let h(p) = p**2 - 3*p + 2. Let y(c) = -11*h(c) - 2*j(c). Let i(t) = -t - 1. Let l be i(-6). What is y(l)?
-6
Let k be 0*(3/(-2) - -1). Let u(n) = 2 + n**3 - 2*n**3 - 2*n**2 + k*n + 2*n. Give u(-3).
5
Let p(n) = -n**2 - 3*n + 2. Let h(s) = s**2 - 6*s + 2. Let y be h(6). Calculate p(y).
-8
Let c(r) = r**3 - 4*r**2 + 3*r. Let v = 27 - 8. Let x be 4/8 + v/2. Let a be ((-2)/5)/((-2)/x). Calculate c(a).
-2
Let o(q) = -q**3 + 2*q**2 + 2*q + 1. Let i be o(2). Suppose h - i*h = -8. Suppose 3*f = w + 1, w = 4*f + h*w - 6. Let m(p) = p. Give m(f).
1
Suppose 2*r - 70 = -3*r. Let w be (-4)/r - 6/(-21). Let g(v) = v**2 - 1. Determine g(w).
-1
Let k(j) = 10 - 3*j - 13 + 7. Suppose 0*a + a - 4 = 0. Determine k(a).
-8
Let g(u) = u**3 + 3*u**2 + 2*u - 2. Let j = -29 + 27. Calculate g(j).
-2
Let o(q) be the first derivative of -7 - 1/2*q**2 - 2*q. Calculate o(-5).
3
Suppose -n - 2*k + 0 = 3, -13 = 3*n + 2*k. Let z = -8 - n. Let p(i) = -i**3 - 5*i**2 - 4*i - 1. Calculate p(z).
-7
Let d = -53 - -55. Let w(i) be the first derivative of -1/2*i**d + 2 + 3*i. Determine w(4).
-1
Let h = -12 + 6. Let m be -2 + 6*3/h. Let o(n) = -n**2 - 7*n - 1. Give o(m).
9
Let u(c) be the second derivative of -1/4*c**4 + 0 - 3*c + 1/2*c**2 + 1/3*c**3. Give u(2).
-7
Let g be ((-9)/1)/((-5)/5). Let z = -8 + g. Let s(p) = -5*p**3 + p**3 - 1 + p**3 - 2*p**2 + 2*p. What is s(z)?
-4
Let b be (-8)/12 - 51/(-9). Let p(l) = l**3 - 5*l**2 - l - 3. What is p(b)?
-8
Suppose -5*j + 6 = -2*u, 0 = 2*u - 0*u - 2*j. Let r(c) be the third derivative of -c**6/120 - c**5/60 + c**4/8 - c**3/2 - c**2. What is r(u)?
-9
Let w(l) be the third derivative of 1/2*l**3 - 1/120*l**6 + 5*l**2 + 0*l - 1/60*l**5 + 0 - 1/24*l**4. Determine w(0).
3
Let v(d) = -6*d**2 - d - 2. Suppose -3*q = -8 + 2, -4*q + 16 = -4*t. What is v(t)?
-24
Suppose -3*d - 2*m = 3*m - 24, -3*m = 4*d - 32. Suppose -3*r = -d*r - 5. Let c be 1 + r - 10/2. Let s(u) = -u**3 - 4*u**2 + 4*u - 4. Determine s(c).
1
Let q(k) = -2*k. Suppose 9*a - 36 = 18*a. Determine q(a).
8
Let u(r) be the first derivative of -5*r**3/3 + 1. Let f(y) = y**3 - 18*y**2 + 18*y - 16. Let k be f(17). Determine u(k).
-5
Let y(m) = -3*m + 18. Let h(s) = -s + 6. Let w(z) = -8*h(z) + 3*y(z). Suppose -p = -4*a + 19, -2*p + 0 + 1 = 5*a. Let o be (p + 2)*(1 - 2). Calculate w(o).
1
Suppose -c + 0*c + 2 = 0. Let p be (-2 - c/(-2)) + 1. Let r(j) = -j + 1 + p - 4. Determine r(-3).
0
Let l(r) = -r**2 + 6*r - 4. Let p be l(5). Suppose -z = -p - 0. Let d(v) = -2*v**2 - 2*v + 1. Calculate d(z).
-3
Suppose 0 = -2*o + 12 - 6. Let t(z) be the third derivative of 0*z - 2*z**2 + 0 - 1/6*z**4 + 1/60*z**5 - 5/6*z**o. What is t(6)?
7
Let d(h) = -7 + 8 - 2*h + 3*h + h**2 - 2. Determine d(3).
11
Suppose 4*f = -0*f + 24. Let g(q) = -7*q - 14. Let j(b) = -8*b - 15. Let z(v) = f*j(v) - 7*g(v). Give z(-4).
4
Let r(g) = 2*g - 2. Let l be r(2). Let m(w) = 1 - 2*w**2 - 3*w**l + w**2 - 2 - w**3 - 2*w. Calculate m(-2).
-5
Let d = -2 - -1. Let i(p) = 16*p**3 - p**2 - p - 1. Give i(d).
-17
Let b(f) = 0*f + 3*f - f - 1 - 3*f. Calculate b(6).
-7
Suppose 2*y = 3 + 3. Let n(j) = j - 4. Let c be n(5). Suppose -y*v + 5*a - 3 = 0, -2*a + 3 - c = -2*v. Let w(f) = f**3 - f - 1. Give w(v).
-1
Let d(o) = o**2 + o + 1. Let a(r) = -r**2 - 4*r - 2. Let b(u) = a(u) + 2*d(u). Give b(2).
0
Let z(x) be the third derivative of 1/60*x**5 + 0 - 1/12*x**4 - x**2 + 0*x**3 + 0*x. Let q be 20/12 - 4/6. Give z(q).
-1
Let z = 4 + -10. Let r(i) = -i - 6. Calculate r(z).
0
Let d(u) = u**3 - 3*u**2 + 2*u + 2. Let x(q) = q**2 + 5*q - 7. Let w be x(-6). Let l be w/(-2)*(-1 + 5). Give d(l).
2
Let n(x) be the first derivative of x**5/20 + x**4/3 - x**3/6 + 2*x**2 - 3*x + 1. Let m(d) be the first derivative of n(d). Determine m(-4).
8
Let i(q) = 2*q**2 - q + 2. Let r(o) = -o**2 - o - 1. Let x(a) = i(a) + r(a). Give x(2).
1
Let j(g) = -g**2 - 3*g + 2. Let k be (0 - 5)/(1/(-4)). Let r be ((-20)/6)/(4/(-6)). Suppose -k = -c + r*c. Determine j(c).
-8
Let p(g) = -g**2 + 2*g - 3. Let q be -2 + 4 + -1 + 2. Let c be 2 + 6/q + -1. Let a(v) = v - 1. Let k(b) = c*a(b) + p(b). Give k(5).
-6
Let w be 4/10 - 24/(-15). Let y(m) = -m**2 - m + w*m + 2*m + 0*m**2. Determine y(2).
2
Let h = -12 - -17. Let x(m) = 3*m - 6. Calculate x(h).
9
Let i(s) = s + 4. Let o be i(-4). Let l(x) = -5*x**2 + 5*x - 5. Let y(q) = -q**2 + q + 1. Let w(p) = l(p) - 4*y(p). Calculate w(o).
-9
Suppose 0 = -j + 3. Let p(x) = -j*x - 4*x**2 + x - 5 + 5*x + x**3. Determine p(4).
7
Let g(w) = -w**3 - 10*w**2 + w + 13. Let s be g(-10). Suppose 0 = s*h + h + 16, -z - 5*h - 19 = 0. Let b(k) = -k**3 + k**2 + k - 1. Determine b(z).
0
Let p(q) = 5*q + 2. Let k(v) = v + 4. Let j be k(-2). What is p(j)?
12
Let k(o) be the third derivative of -o**6/120 + o**5/10 - o**4/4 + o**3/3 + 21*o**2. Determine k(5).
-3
Let p(c) = c + 7. Let z be p(-7). Suppose -4*w + 0 + 16 = z. Let t(o) = 4*o - 23. Let g(k) = -k + 6. Let d(s) = -9*g(s) - 2*t(s). Determine d(w).
-4
Let l(h) be the second derivative of -h**5/20 - h**4/4 + h**3/2 - 33*h. Determine l(-3).
-9
Let c(p) = -4*p + 0 + 0. Let a be 10/(6/9*3). Suppose 0 = -a*f, -4*f + 0*f - 10 = 5*t. What is c(t)?
8
Let w = -1 - -5. Let m(z) = 5*z**3 - 5*z**2 - w*z**3 + 1 + 6*z + 0*z - 3*z. What is m(4)?
-3
Let h(f) = f - 2. Let i(l) = -l - 11. Let q be i(-11). Determine h(q).
-2
Let c(x) = -2*x + 2. Let f(s) = -4*s + 3. Let d(u) = -5*c(u) + 3*f(u). Give d(-1).
1
Let y = 37 - 32. Let t(s) = 4*s. Give t(y).
20
Let f(s) = -s**3 + s**2 - 5. Let b be f(0). Let n(j) = -j - 6. What is n(b)?
-1
Let i(s) be the third derivative of s**5/15 + s**2 - 5*s. Let u(l) = l**2 + 8*l + 6. Let w be (-22)/3 - 2/(-6). Let b be u(w). Determine i(b).
4
Let p(b) be the second derivative of -b**6/720 - b**5/24 + b**4/6 - b. Let t(f) be the third derivative of p(f). Calculate t(0).
-5
Let a(k) = -k**3 - 5*k**2 - 2*k + 5. Let l = 2 + -4. Let p be 1/l - 35/10. Give a(p).
-3
Let t be 3/5 + 4/10. Let q(p) = 5*p**3 + 9*p**2 - 13*p + 2. Let z(v) = -2*v**3 - 5*v**2 + 7*v - 1. Let m(u) = 6*q(u) + 11*z(u). Calculate m(t).
7
Suppose -2*o = 4*o. Suppose 3 = -4*g - b + 2, o = 4*g + 2*b + 2. Let u(d) = -d**3 - d**2 + 8. What is u(g)?
8
Let o(d) be the first derivative of -d**4/4 - 2*d**3/3 + 2*d**2 + d - 20. Calculate o(-3).
-2
Let g(s) = -s**3 - 1. Let q be g(1). Let l be -8 - -4*q/(-4). Let v(n) = 2*n + 8. What is v(l)?
-4
Let a(x) = x**3 + 2*x**2 - 2*x - 3. Let r be a(-3). Let w = 12 + r. Let j(h) = h + h + h + w. What is j(-5)?
-9
Let d(c) = c**2 + 3*c - 1. Suppose 0 = -2*g + f - 8, 5*g = f - 3*f - 20. Let p be d(g). Suppose -v = -p*v. Let l(s) = -s**3 - s**2 + s + 8. Calculate l(v).
8
Let u(w) be the first derivative of -w**3/3 + w**2 + 4*w + 3. Let k be u(4). Let p(h) = -h**2 - 5*h + 3. Give p(k).
7
Su